5 a multiple of 25?
True
Is 934 a factor of 226959198?
True
Is 1093313132 a multiple of 89?
False
Is 32 a factor of 28785557?
False
Does 390 divide 200534880?
True
Is 283 a factor of 733004824?
False
Does 74 divide 185660305?
False
Is 34632204 a multiple of 92?
True
Is 3596 a factor of 48909174?
False
Is 18 a factor of 967376486?
False
Is 30 a factor of 1082504100?
True
Is 1333538303 a multiple of 20?
False
Does 9 divide 159897474?
True
Does 8 divide 26865048?
True
Is 2051655066 a multiple of 951?
True
Does 78 divide 87650394?
True
Is 24 a factor of 270673020?
False
Does 24 divide 12834384?
True
Is 7446324 a multiple of 17?
False
Is 47 a factor of 57635207?
True
Does 14 divide 417506698?
True
Does 98 divide 16776371?
False
Is 112807781 a multiple of 229?
False
Is 13344645 a multiple of 226?
False
Does 20 divide 30847813?
False
Does 3 divide 28917669?
True
Is 193128 a multiple of 24?
True
Is 429241279 a multiple of 19?
False
Does 3170 divide 71413760?
True
Is 4280967204 a multiple of 3386?
True
Is 77092266 a multiple of 58?
True
Does 12 divide 7517977?
False
Is 677721982 a multiple of 266?
True
Is 60163362 a multiple of 3717?
True
Is 950935 a multiple of 7?
False
Does 8 divide 303452638?
False
Is 377 a factor of 70834907?
True
Is 76373401 a multiple of 13?
True
Does 955 divide 620968695?
True
Does 696 divide 11905080?
True
Is 181340676 a multiple of 2076?
True
Does 2471 divide 1266545215?
False
Is 928 a factor of 171998625?
False
Is 2092885016 a multiple of 164?
True
Is 681 a factor of 17161881?
True
Does 12 divide 23210556?
True
Is 26940258 a multiple of 18?
True
Is 79739040 a multiple of 9195?
True
Is 9 a factor of 40044780?
True
Does 9 divide 30084825?
False
Does 2162 divide 228669333?
False
Is 9340 a factor of 92372600?
True
Does 16 divide 287357904?
True
Is 230 a factor of 51983565?
False
Does 8 divide 2691096?
True
Does 27 divide 861781248?
True
Is 94 a factor of 612454274?
True
Is 84 a factor of 339537492?
True
Is 511 a factor of 4073508?
False
Is 148 a factor of 4991038928?
True
Does 113 divide 104134147?
False
Does 1021 divide 2103900957?
False
Is 35 a factor of 1517688935?
True
Is 175244637 a multiple of 35?
False
Is 90208732 a multiple of 17?
True
Is 39 a factor of 1754531103?
True
Is 34529551 a multiple of 7?
True
Is 41782314 a multiple of 14?
True
Does 11 divide 905124253?
True
Does 19 divide 32088967?
True
Does 39 divide 103899961?
False
Does 5 divide 27649090?
True
Is 20 a factor of 8422880?
True
Is 310478775 a multiple of 1401?
False
Does 437 divide 40096061?
True
Does 137 divide 24526562?
True
Is 18 a factor of 14122944?
True
Is 2574 a factor of 32263525?
False
Is 1467228768 a multiple of 1633?
False
Is 2507553 a multiple of 2?
False
Is 29955297 a multiple of 170?
False
Does 54 divide 102076956?
True
Is 1974538028 a multiple of 530?
False
Is 643 a factor of 47001057?
False
Is 22857017 a multiple of 294?
False
Is 76983852 a multiple of 276?
True
Does 556 divide 1552731606?
False
Is 1067815346 a multiple of 12?
False
Does 24 divide 1456008432?
True
Does 12 divide 84571200?
True
Does 77 divide 139672378?
False
Does 6 divide 386490618?
True
Does 38 divide 2716343702?
True
Is 66900790 a multiple of 713?
True
Does 7712 divide 1307170442?
False
Does 82 divide 109725554?
False
Is 245 a factor of 20601315?
True
Is 82 a factor of 4022794?
False
Does 212 divide 26925060?
True
Is 1297459678 a multiple of 61?
False
Does 2 divide 388322469?
False
Is 111 a factor of 831612?
True
Does 617 divide 384160859?
True
Is 38019168 a multiple of 72?
True
Is 38 a factor of 1291934401?
False
Is 1579 a factor of 604811533?
False
Is 5300067 a multiple of 4?
False
Does 1396 divide 10055388?
True
Is 836 a factor of 18926893?
False
Is 421 a factor of 417862043?
False
Is 1726272900 a multiple of 387?
False
Is 224 a factor of 5802662?
False
Does 2658 divide 12031412?
False
Is 10 a factor of 1208076363?
False
Does 6390 divide 2003974290?
True
Does 52 divide 125264703?
False
Is 2361083 a multiple of 40?
False
Is 677 a factor of 45731112?
False
Is 949622814 a multiple of 507?
False
Does 50 divide 848034500?
True
Is 418 a factor of 62496144?
False
Is 171232965 a multiple of 9?
True
Is 270 a factor of 190488240?
True
Does 1159 divide 21937390?
False
Does 24 divide 1110391478?
False
Is 34182740 a multiple of 359?
False
Is 21973979 a multiple of 86?
False
Is 121860834 a multiple of 1936?
False
Does 104 divide 116401507?
False
Is 1693 a factor of 60775160?
False
Does 36 divide 27230652?
True
Is 225297062 a multiple of 17?
False
Is 26 a factor of 1188776988?
False
Is 411 a factor of 15688179?
False
Is 289504575 a multiple of 9?
True
Is 18 a factor of 48685313?
False
Does 283 divide 102332410?
False
Does 11 divide 171391096?
False
Is 1264 a factor of 806187753?
False
Is 181 a factor of 2515176?
True
Does 940 divide 63788400?
True
Is 141016804 a multiple of 1666?
False
Is 199 a factor of 253216195?
False
Does 21 divide 16888257?
False
Is 102809968 a multiple of 158?
True
Is 3555979929 a multiple of 14?
False
Is 3435 a factor of 714400995?
True
Is 180602576 a multiple of 47?
True
Is 3152705 a multiple of 3?
False
Is 39 a factor of 990616770?
True
Is 8846812 a multiple of 63?
False
Is 10 a factor of 3292285?
False
Is 1976 a factor of 62536448?
True
Is 250159685 a multiple of 365?
True
Is 171 a factor of 17798877?
True
Is 2 a factor of 26772374?
True
Is 20377215 a multiple of 95?
True
Is 149715611 a multiple of 307?
True
Is 633475506 a multiple of 7556?
False
Is 232 a factor of 1160016129?
False
Does 2346 divide 51134170?
False
Is 3 a factor of 5590189?
False
Is 322 a factor of 1326612630?
True
Is 290 a factor of 8424790?
True
Does 16 divide 2313734256?
True
Is 747 a factor of 44927568?
True
Is 362 a factor of 52688738?
True
Is 3409147715 a multiple of 43?
True
Is 460480108 a multiple of 47?
False
Does 35 divide 1319378452?
False
Is 383391786 a multiple of 51?
True
Is 25 a factor of 393744900?
True
Does 698 divide 55766012?
True
Does 6 divide 5562944?
False
Is 544349872 a multiple of 1293?
False
Is 32089252 a multiple of 19?
True
Is 46968390 a multiple of 189?
True
Is 147 a factor of 767858322?
True
Does 1494 divide 82876662?
True
Is 1665550407 a multiple of 173?
True
Is 44754804 a multiple of 2124?
True
Is 11453706 a multiple of 33?
True
Is 1884 a factor of 98818674?
False
Does 49 divide 48718601?
False
Does 3 divide 418415619?
True
Is 842408 a multiple of 49?
True
Does 65 divide 76364275?
True
Does 20 divide 29018072?
False
Is 155572560 a multiple of 78?
True
Is 127302208 a multiple of 64?
True
Is 430 a factor of 234373220?
True
Is 367197151 even?
False
Does 1570 divide 36193210?
True
Does 43 divide 53315745?
False
Is 9 a factor of 90865891?
False
Is 586502581 a multiple of 233?
False
Does 6680 divide 49044560?
True
Is 1400651831 a multiple of 27?
False
Does 865 divide 23837245?
False
Is 12 a factor of 440097636?
True
Is 377 a factor of 360531279?
False
Does 3395 divide 2365741245?
True
Is 134 a factor of 220759815?
False
Does 407 divide 31489590?
True
Is 67 a factor of 760596194?
True
Is 931365575 a multiple of 5?
True
Is 2879 a factor of 17895864?
True
Is 5 a factor of 295204019?
False
Does 1881 divide 729963230?
False
Does 30 divide 12544745?
False
Is 384488210 a multiple of 15?
False
Is 722 a factor of 400937430?
True
Is 77879202 a multiple of 213?
False
Is 242286786 a multiple of 6?
True
Does 412 divide 1371180489?
False
Is 4504 a factor of 7616315?
False
Is 5576610974 a multiple of 121?
True
Does 623 divide 7079149?
True
Is 830539840 a multiple of 104?
True
Does 551 divide 40092413?
True
Is 15 a factor of 60482640?
True
Does 3152 divide 271964016?
True
Is 47016225 a multiple of 103?
False
Is 366 a factor of 398060136?
True
Is 4855 a factor of 3072496460?
True
Does 20 divide 167259120?
True
Is 2547 a factor of 326999142?
True
Does 220 divide 214877207?
False
Is 850660980 a multiple of 115?
True
Is 6 a factor of 46062468?
True
Is 25 a factor of 50164878?
False
Does 43 divide 583901182?
False
Does 871 divide 40245426?
True
Is 7897525 a multiple of 312?
False
Is 695 a factor of 116110870?
True
Does 132 divide 6869335?
False
Is 4560955542 a multiple of 5018?
True
Does 13 divide 32772056?
False
Is 132 a factor of 31628345?
False
Is 11 a factor of 19586940?
False
Is 76